{"id":1464,"date":"2021-10-15T17:00:59","date_gmt":"2021-10-15T17:00:59","guid":{"rendered":"https:\/\/corocantabile.gal\/discography\/palabras-de-luz-2019\/"},"modified":"2021-12-05T17:50:19","modified_gmt":"2021-12-05T17:50:19","slug":"palabras-de-luz-2019","status":"publish","type":"ignition-discography","link":"https:\/\/corocantabile.gal\/es\/discography\/palabras-de-luz-2019\/","title":{"rendered":"Palabras de Luz. 2019"},"content":{"rendered":"\n<p>El proyecto Palabras de Luz merece una especial atenci\u00f3n, por el trabajo, musical y no musical, intenso y continuo que demand\u00f3 durante dos a\u00f1os. Conseguimos estrenar doce piezas gallegas y en gallego, variadas y contempor\u00e1neas, y enviarlas a todos los coros gallegos para unirlos a la tarea de renovar nuestro repertorio coral.<\/p>\n\n<p>Este proyecto fue premiado en la s\u00e9ptima edici\u00f3n del <a rel=\"noreferrer noopener\" href=\"http:\/\/premiosmartincodaxdamusica.gal\/entities\/previous-editions\/2020\" data-type=\"URL\" data-id=\"http:\/\/premiosmartincodaxdamusica.gal\/entities\/previous-editions\/2020\" target=\"_blank\">Mart\u00edn Codax de la M\u00fasica (2020)<\/a> en la categor\u00eda de coros y grupos vocales.<\/p>\n\n<h3 id=\"block-a8e83e-fd\" class=\"wp-block-gutenbee-heading block-a8e83e-fd\">Temas<\/h3>\n\n<figure class=\"wp-block-embed is-type-rich is-provider-soundcloud wp-block-embed-soundcloud wp-embed-aspect-4-3 wp-has-aspect-ratio\"><div class=\"wp-block-embed__wrapper\">\n<iframe loading=\"lazy\" title=\"Palabras de luz by Coro Cantabile\" width=\"960\" height=\"450\" scrolling=\"no\" frameborder=\"no\" src=\"https:\/\/w.soundcloud.com\/player\/?visual=true&#038;url=https%3A%2F%2Fapi.soundcloud.com%2Fplaylists%2F1311941089&#038;show_artwork=true&#038;maxheight=1000&#038;maxwidth=960\"><\/iframe>\n<\/div><\/figure>\n\n<h3 id=\"block-c21b47-49\" class=\"wp-block-gutenbee-heading block-c21b47-49\">Video<\/h3>\n\n<p>Concierto de presentaci\u00f3n del libro-CD &#8220;Palabras de luz&#8221; en el Teatro Col\u00f3n de A Coru\u00f1a el 20 de noviembre de 2019.<\/p>\n\n<figure class=\"wp-block-embed is-type-video is-provider-youtube wp-block-embed-youtube wp-embed-aspect-16-9 wp-has-aspect-ratio\"><div class=\"wp-block-embed__wrapper\">\n<div class=\"ignition-responsive-embed\"><iframe loading=\"lazy\" title=\"Discurso de presentaci\u00f3n de Palabras de Luz no Teatro Col\u00f3n\" width=\"960\" height=\"540\" src=\"https:\/\/www.youtube.com\/embed\/iMfX_whNoxQ?feature=oembed\" frameborder=\"0\" allow=\"accelerometer; autoplay; clipboard-write; encrypted-media; gyroscope; picture-in-picture\" allowfullscreen><\/iframe><\/div>\n<\/div><figcaption>Realizador: Pablo Carballido del Camino<br>Pianista: Maria Keilin<\/figcaption><\/figure>\n\n<h2 id=\"block-d8b231-b8a9-4e\" class=\"wp-block-gutenbee-heading block-d8b231-b8a9-4e\">Libro <em>Palabras de Luz<\/em><\/h2>\n\n<p>Puedes ver y descargar los poemas y declaraciones de los artistas del proyecto en este enlace: <a rel=\"noreferrer noopener\" href=\"https:\/\/corocantabile.gal\/wp-content\/uploads\/2021\/03\/Coro-Cantabile_Palabras-de-Luz.pdf\" target=\"_blank\">Libro Palabras de Luz<\/a> .<\/p>\n","protected":false},"excerpt":{"rendered":"<p>El proyecto Palabras de Luz merece una especial atenci\u00f3n, por el trabajo, musical y no musical, intenso y continuo que demand\u00f3 durante dos a\u00f1os. Conseguimos estrenar doce piezas gallegas y en gallego, variadas y contempor\u00e1neas, [&hellip;]<\/p>\n","protected":false},"featured_media":1030,"template":"templates\/template-sidebar-image-meta.php","ignition_discography_category":[],"_links":{"self":[{"href":"https:\/\/corocantabile.gal\/es\/wp-json\/wp\/v2\/ignition-discography\/1464"}],"collection":[{"href":"https:\/\/corocantabile.gal\/es\/wp-json\/wp\/v2\/ignition-discography"}],"about":[{"href":"https:\/\/corocantabile.gal\/es\/wp-json\/wp\/v2\/types\/ignition-discography"}],"wp:featuredmedia":[{"embeddable":true,"href":"https:\/\/corocantabile.gal\/es\/wp-json\/wp\/v2\/media\/1030"}],"wp:attachment":[{"href":"https:\/\/corocantabile.gal\/es\/wp-json\/wp\/v2\/media?parent=1464"}],"wp:term":[{"taxonomy":"ignition_discography_category","embeddable":true,"href":"https:\/\/corocantabile.gal\/es\/wp-json\/wp\/v2\/ignition_discography_category?post=1464"}],"curies":[{"name":"wp","href":"https:\/\/api.w.org\/{rel}","templated":true}]}}

<p>El proyecto Palabras de Luz merece una especial atención, por el trabajo, musical y no musical, intenso y continuo que demandó durante dos años. Conseguimos estrenar doce piezas gallegas y en gallego, variadas y contemporáneas, y enviarlas a todos los coros gallegos para unirlos a la tarea de renovar nuestro repertorio coral.</p>

<p>Este proyecto fue premiado en la séptima edición del <a rel="noreferrer noopener" href="http://premiosmartincodaxdamusica.gal/entities/previous-editions/2020" data-type="URL" data-id="http://premiosmartincodaxdamusica.gal/entities/previous-editions/2020" target="_blank">Martín Codax de la Música (2020)</a> en la categoría de coros y grupos vocales.</p>

<h3 id="block-a8e83e-fd" class="wp-block-gutenbee-heading block-a8e83e-fd">Temas</h3>

<figure class="wp-block-embed is-type-rich is-provider-soundcloud wp-block-embed-soundcloud wp-embed-aspect-4-3 wp-has-aspect-ratio"><div class="wp-block-embed__wrapper">
<iframe loading="lazy" title="Palabras de luz by Coro Cantabile" width="960" height="450" scrolling="no" frameborder="no" src="https://w.soundcloud.com/player/?visual=true&#038;url=https%3A%2F%2Fapi.soundcloud.com%2Fplaylists%2F1311941089&#038;show_artwork=true&#038;maxheight=1000&#038;maxwidth=960"></iframe>
</div></figure>

<h3 id="block-c21b47-49" class="wp-block-gutenbee-heading block-c21b47-49">Video</h3>

<p>Concierto de presentación del libro-CD &#8220;Palabras de luz&#8221; en el Teatro Colón de A Coruña el 20 de noviembre de 2019.</p>

<figure class="wp-block-embed is-type-video is-provider-youtube wp-block-embed-youtube wp-embed-aspect-16-9 wp-has-aspect-ratio"><div class="wp-block-embed__wrapper">
<div class="ignition-responsive-embed"><iframe loading="lazy" title="Discurso de presentación de Palabras de Luz no Teatro Colón" width="960" height="540" src="https://www.youtube.com/embed/iMfX_whNoxQ?feature=oembed" frameborder="0" allow="accelerometer; autoplay; clipboard-write; encrypted-media; gyroscope; picture-in-picture" allowfullscreen></iframe></div>
</div><figcaption>Realizador: Pablo Carballido del Camino<br>Pianista: Maria Keilin</figcaption></figure>

<h2 id="block-d8b231-b8a9-4e" class="wp-block-gutenbee-heading block-d8b231-b8a9-4e">Libro <em>Palabras de Luz</em></h2>

<p>Puedes ver y descargar los poemas y declaraciones de los artistas del proyecto en este enlace: <a rel="noreferrer noopener" href="https://corocantabile.gal/wp-content/uploads/2021/03/Coro-Cantabile_Palabras-de-Luz.pdf" target="_blank">Libro Palabras de Luz</a> .</p>

<p>El proyecto Palabras de Luz merece una especial atención, por el trabajo, musical y no musical, intenso y continuo que demandó durante dos años. Conseguimos estrenar doce piezas gallegas y en gallego, variadas y contemporáneas, [&hellip;]</p>
