{"id":1465,"date":"2021-10-15T16:59:41","date_gmt":"2021-10-15T16:59:41","guid":{"rendered":"https:\/\/corocantabile.gal\/discography\/mozart-y-haydn-en-las-voces-de-cantabile-2014\/"},"modified":"2021-12-02T19:22:56","modified_gmt":"2021-12-02T19:22:56","slug":"mozart-y-haydn-en-las-voces-de-cantabile-2014","status":"publish","type":"ignition-discography","link":"https:\/\/corocantabile.gal\/es\/discography\/mozart-y-haydn-en-las-voces-de-cantabile-2014\/","title":{"rendered":"Mozart y Haydn en las voces de Cantabile. 2014"},"content":{"rendered":"\n<p>Cantabile grab\u00f3 el disco Mozart y Haydn en las voces de Cantabile gracias a la colaboraci\u00f3n del programa Outra + Outra de la Diputaci\u00f3n de A Coru\u00f1a y a la Fundaci\u00f3n Paideia en sus Estudios Mans.<\/p>\n\n<h3 id=\"block-c88e89-9123-46\" class=\"wp-block-gutenbee-heading block-c88e89-9123-46\">Temas<\/h3>\n\n<figure class=\"wp-block-embed is-type-rich is-provider-soundcloud wp-block-embed-soundcloud wp-embed-aspect-4-3 wp-has-aspect-ratio\"><div class=\"wp-block-embed__wrapper\">\n<iframe loading=\"lazy\" title=\"Mozart y Haydn en las voces de Cantabile by Coro Cantabile\" width=\"960\" height=\"450\" scrolling=\"no\" frameborder=\"no\" src=\"https:\/\/w.soundcloud.com\/player\/?visual=true&#038;url=https%3A%2F%2Fapi.soundcloud.com%2Fplaylists%2F1311921316&#038;show_artwork=true&#038;maxheight=1000&#038;maxwidth=960\"><\/iframe>\n<\/div><\/figure>\n\n<h3 id=\"block-c21b47-49\" class=\"wp-block-gutenbee-heading block-c21b47-49\">Video<\/h3>\n\n<p>&#8220;Mozart y Haydn en las voces de Cantabile&#8221; dirigida por Pablo Carballido del Camino<br\/>Teatro Col\u00f3n de A Coru\u00f1a, 23 de octubre de 2013.<\/p>\n\n<figure class=\"wp-block-embed is-type-video is-provider-youtube wp-block-embed-youtube wp-embed-aspect-16-9 wp-has-aspect-ratio\"><div class=\"wp-block-embed__wrapper\">\n<div class=\"ignition-responsive-embed\"><iframe loading=\"lazy\" title=\"Veni, Sancte Spiritu (W.A. Mozart) | Coro Cantabile (A Coru\u00f1a)\" width=\"960\" height=\"540\" src=\"https:\/\/www.youtube.com\/embed\/YT3gXxGDzO0?feature=oembed\" frameborder=\"0\" allow=\"accelerometer; autoplay; clipboard-write; encrypted-media; gyroscope; picture-in-picture\" allowfullscreen><\/iframe><\/div>\n<\/div><\/figure>\n","protected":false},"excerpt":{"rendered":"<p>Cantabile grab\u00f3 el disco Mozart y Haydn en las voces de Cantabile gracias a la colaboraci\u00f3n del programa Outra + Outra de la Diputaci\u00f3n de A Coru\u00f1a y a la Fundaci\u00f3n Paideia en sus Estudios [&hellip;]<\/p>\n","protected":false},"featured_media":1026,"template":"templates\/template-sidebar-image-meta.php","ignition_discography_category":[],"_links":{"self":[{"href":"https:\/\/corocantabile.gal\/es\/wp-json\/wp\/v2\/ignition-discography\/1465"}],"collection":[{"href":"https:\/\/corocantabile.gal\/es\/wp-json\/wp\/v2\/ignition-discography"}],"about":[{"href":"https:\/\/corocantabile.gal\/es\/wp-json\/wp\/v2\/types\/ignition-discography"}],"wp:featuredmedia":[{"embeddable":true,"href":"https:\/\/corocantabile.gal\/es\/wp-json\/wp\/v2\/media\/1026"}],"wp:attachment":[{"href":"https:\/\/corocantabile.gal\/es\/wp-json\/wp\/v2\/media?parent=1465"}],"wp:term":[{"taxonomy":"ignition_discography_category","embeddable":true,"href":"https:\/\/corocantabile.gal\/es\/wp-json\/wp\/v2\/ignition_discography_category?post=1465"}],"curies":[{"name":"wp","href":"https:\/\/api.w.org\/{rel}","templated":true}]}}

<p>Cantabile grabó el disco Mozart y Haydn en las voces de Cantabile gracias a la colaboración del programa Outra + Outra de la Diputación de A Coruña y a la Fundación Paideia en sus Estudios Mans.</p>

<h3 id="block-c88e89-9123-46" class="wp-block-gutenbee-heading block-c88e89-9123-46">Temas</h3>

<figure class="wp-block-embed is-type-rich is-provider-soundcloud wp-block-embed-soundcloud wp-embed-aspect-4-3 wp-has-aspect-ratio"><div class="wp-block-embed__wrapper">
<iframe loading="lazy" title="Mozart y Haydn en las voces de Cantabile by Coro Cantabile" width="960" height="450" scrolling="no" frameborder="no" src="https://w.soundcloud.com/player/?visual=true&#038;url=https%3A%2F%2Fapi.soundcloud.com%2Fplaylists%2F1311921316&#038;show_artwork=true&#038;maxheight=1000&#038;maxwidth=960"></iframe>
</div></figure>

<h3 id="block-c21b47-49" class="wp-block-gutenbee-heading block-c21b47-49">Video</h3>

<p>&#8220;Mozart y Haydn en las voces de Cantabile&#8221; dirigida por Pablo Carballido del Camino<br/>Teatro Colón de A Coruña, 23 de octubre de 2013.</p>

<figure class="wp-block-embed is-type-video is-provider-youtube wp-block-embed-youtube wp-embed-aspect-16-9 wp-has-aspect-ratio"><div class="wp-block-embed__wrapper">
<div class="ignition-responsive-embed"><iframe loading="lazy" title="Veni, Sancte Spiritu (W.A. Mozart) | Coro Cantabile (A Coruña)" width="960" height="540" src="https://www.youtube.com/embed/YT3gXxGDzO0?feature=oembed" frameborder="0" allow="accelerometer; autoplay; clipboard-write; encrypted-media; gyroscope; picture-in-picture" allowfullscreen></iframe></div>
</div></figure>

<p>Cantabile grabó el disco Mozart y Haydn en las voces de Cantabile gracias a la colaboración del programa Outra + Outra de la Diputación de A Coruña y a la Fundación Paideia en sus Estudios [&hellip;]</p>
