{"id":1342,"date":"2021-10-15T11:57:55","date_gmt":"2021-10-15T11:57:55","guid":{"rendered":"https:\/\/corocantabile.gal\/mas-que-un-coro\/"},"modified":"2023-09-15T13:56:21","modified_gmt":"2023-09-15T13:56:21","slug":"mas-que-un-coro","status":"publish","type":"page","link":"https:\/\/corocantabile.gal\/es\/mas-que-un-coro\/","title":{"rendered":"Mas que un coro"},"content":{"rendered":"\n<div id=\"block-66ad4e-0db5-4c\" class=\"wp-block-gutenbee-container block-66ad4e-0db5-4c\"><div class=\"wp-block-gutenbee-container-inner\"><div class=\"wp-block-gutenbee-container-row wp-block-gutenbee-container-lg\">\n<div class=\"wp-block-gutenbee-column block-5fb5da-f124-41\"><style>.wp-block-gutenbee-column.block-5fb5da-f124-41 { flex-basis: 50%; }\n\n\n      @media (max-width: 991px) {\n        .wp-block-gutenbee-column.block-5fb5da-f124-41 { flex-basis: 100%; }\n      }\n    \n\n      @media (max-width: 575px) {\n        .wp-block-gutenbee-column.block-5fb5da-f124-41 { flex-basis: 100%; }\n      }<\/style><div class=\"wp-block-gutenbee-column-content\">\n<p>Cantabile es un proyecto muy amplio. A <strong>Asociaci\u00f3n musical y cultural Cantabile<\/strong> xestiona o <strong>Coro infantil e xuvenil Cantabile<\/strong> para realizar unha actividade art\u00edstica e did\u00e1ctica que pon en valor o patrimonio cultural e musical, co foco na m\u00fasica cl\u00e1sica (especialmente a barroca), mais sen descoidar todo tipo de repertorios contempor\u00e1neos e populares. Adem\u00e1s, Cantabile proporciona a la ni\u00f1a una alternativa de ocio saludable en la que se inculcan valores como la perseverancia, el esfuerzo, la disciplina y, sobre todo, el compa\u00f1erismo y la amistad.<\/p>\n<\/div><\/div>\n\n\n\n<div class=\"wp-block-gutenbee-column block-a186f9-eede-4d\"><style>.wp-block-gutenbee-column.block-a186f9-eede-4d .wp-block-gutenbee-column-content { justify-content: flex-start; }\n.wp-block-gutenbee-column.block-a186f9-eede-4d { flex-basis: 50%; }\n\n\n      @media (max-width: 991px) {\n        .wp-block-gutenbee-column.block-a186f9-eede-4d { flex-basis: 100%; }\n      }\n    \n\n      @media (max-width: 575px) {\n        .wp-block-gutenbee-column.block-a186f9-eede-4d { flex-basis: 100%; }\n      }<\/style><div class=\"wp-block-gutenbee-column-content\">\n<figure class=\"wp-block-embed is-type-video is-provider-youtube wp-block-embed-youtube wp-embed-aspect-16-9 wp-has-aspect-ratio\"><div class=\"wp-block-embed__wrapper\">\n<div class=\"ignition-responsive-embed\"><iframe loading=\"lazy\" title=\"#ORGULLOCANTABILE (2002 -2017) EL DOCUMENTAL | 1 de 6\" width=\"960\" height=\"540\" src=\"https:\/\/www.youtube.com\/embed\/D5RRuhG9RIs?feature=oembed\" frameborder=\"0\" allow=\"accelerometer; autoplay; clipboard-write; encrypted-media; gyroscope; picture-in-picture\" allowfullscreen><\/iframe><\/div>\n<\/div><\/figure>\n<\/div><\/div>\n<\/div><\/div><div class=\"wp-block-gutenbee-container-background\" data-parallax-speed=\"0.3\"><\/div><\/div>\n\n<p class=\"has-text-color\" style=\"color:#fece7a\"><strong>Y todo esto no ser\u00eda posible sin:<\/strong><\/p>\n\n<p><strong>Pablo Carballido del Camino (director)<\/strong><\/p>\n\n<div id=\"block-a4e471-7dcf-43\" class=\"wp-block-gutenbee-container block-a4e471-7dcf-43\"><div class=\"wp-block-gutenbee-container-inner\"><div class=\"wp-block-gutenbee-container-row wp-block-gutenbee-container-lg\">\n<div class=\"wp-block-gutenbee-column block-545313-b4d4-44\"><style>.wp-block-gutenbee-column.block-545313-b4d4-44 { flex-basis: 66.66%; }\n\n\n      @media (max-width: 991px) {\n        .wp-block-gutenbee-column.block-545313-b4d4-44 { flex-basis: 100%; }\n      }\n    \n\n      @media (max-width: 575px) {\n        .wp-block-gutenbee-column.block-545313-b4d4-44 { flex-basis: 100%; }\n      }<\/style><div class=\"wp-block-gutenbee-column-content\">\n<p>Pablo Carballido es la esencia de Cantabile. Su trabajo va m\u00e1s all\u00e1 de dirigir a los miembros del coro e intentar que lleven el ritmo y canten en el tono correcto.<\/p>\n\n\n\n<p>Por un lado, Carballido es un tenor profesional y eso se nota. Si hay algo que diferencia a Cantabile de otros coros infantiles y juveniles, es la t\u00e9cnica vocal y la formaci\u00f3n del canto l\u00edrico que reciben los coristas, ya que muchos de ellos asisten a clases con \u00e9l en la Escuela Municipal de M\u00fasica, reciben clases particulares o asisten a cursos anuales de canto que se llevan a cabo en el lugar de ensayo. No es muy com\u00fan escuchar un coro compuesto mayoritariamente por voces blancas cantando con t\u00e9cnica l\u00edrica e interpretando la m\u00fasica, algo que ser\u00eda imposible sin un director como \u00e9l.<\/p>\n<\/div><\/div>\n\n\n\n<div class=\"wp-block-gutenbee-column block-6b788b-0fde-4b\"><style>.wp-block-gutenbee-column.block-6b788b-0fde-4b { flex-basis: 33.33%; }\n\n\n      @media (max-width: 991px) {\n        .wp-block-gutenbee-column.block-6b788b-0fde-4b { flex-basis: 100%; }\n      }\n    \n\n      @media (max-width: 575px) {\n        .wp-block-gutenbee-column.block-6b788b-0fde-4b { flex-basis: 100%; }\n      }<\/style><div class=\"wp-block-gutenbee-column-content\"><div class=\"wp-block-image is-style-default\">\n<figure class=\"aligncenter size-large\"><img loading=\"lazy\" width=\"225\" height=\"300\" src=\"https:\/\/corocantabile.gal\/wp-content\/uploads\/2021\/03\/pablo.jpg\" alt=\"\" class=\"wp-image-255\"\/><\/figure><\/div><\/div><\/div>\n<\/div><\/div><div class=\"wp-block-gutenbee-container-background\" data-parallax-speed=\"0.3\"><\/div><\/div>\n\n<p>Sin embargo, lo m\u00e1s importante de todo es que <a href=\"https:\/\/pablocarballido.blogspot.com.es\/p\/curriculum.html\">Pablo Carballido<\/a>, adem\u00e1s de cantante profesional y director de coro, es profesor. Una cualidad que, cuando tu trabajo es ense\u00f1ar m\u00fasica a un grupo de m\u00e1s de sesenta j\u00f3venes, es muy positiva y sobre todo diferencial, precisamente porque no hay muchos profesionales que compaginen el canto con la direcci\u00f3n y la docencia. Gracias a ello, les ense\u00f1a las notas, fomenta el gusto por la m\u00fasica cl\u00e1sica desde edades muy tempranas y transmite valores como el compa\u00f1erismo, la amistad y el respeto.<\/p>\n\n<p>Sin Pablo Carballido, Cantabile no existir\u00eda. Han pasado diecinueve a\u00f1os desde que un grupo de j\u00f3venes con mucha ilusi\u00f3n y pocos recursos decidieron fundar, en 2002, un coro, ahora consolidado. Mucha gente se fue y otro joven pas\u00f3 a formar parte de la familia Cantabile, cantando, organizando o combinando las dos facetas, pero Pablo, aunque a veces es dif\u00edcil compaginar la direcci\u00f3n del Coro con su vida profesional, sigue ah\u00ed con la misma ilusi\u00f3n del primer d\u00eda \u2013o m\u00e1s\u2013 y una apuesta total por un proyecto en el que cre\u00eda y en el que ha participado desde su g\u00e9nesis.<\/p>\n\n<p>Es un director \u00fanico y especial que hace que quienes lo rodean sean especiales. Es posible que esta sea la clave del \u00e9xito y la calidad de Cantabile.<\/p>\n\n<p><strong>Coristas<\/strong><\/p>\n\n<p>Somos un coro infantil y juvenil, por lo que es com\u00fan que la relaci\u00f3n de los coristas var\u00ede con el paso de los a\u00f1os. Actualmente, el Coro est\u00e1 integrado por:<\/p>\n\n<div class=\"wp-container-1 wp-block-group\"><div class=\"wp-block-group__inner-container\">\n<p>Sopranos<br><em>Alejandro Carri\u00f3n Orosa, Amara Carril L\u00f3pez, Catarina Rodr\u00edguez V\u00e1zquez, In\u00e9s Carri\u00f3n Orosa, Irene Pardi\u00f1as B\u00e1rbara, Jaime Losada Elorza, L\u00eda Camprub\u00ed Gonz\u00e1lez-Garc\u00e9s, Mar\u00eda Luisa Boga V\u00e1zquez, Mariana Boedo Bu\u00f1o, Mari\u00f1a Gonz\u00e1lez Lorenzo, Marta Duckworth Ju\u00e1rez, Noelia Saavedra Carnero, Sara Morgade Rodr\u00edguez, Sof\u00eda Puig Vales, Tara Garaboa Vilari\u00f1o, Xiana V\u00e1zquez Mosquera<\/em>, <em>Alicia S\u00e1nchez D\u00edaz, Sof\u00eda Puig Vales<\/em>.<\/p>\n\n\n\n<p>Altos<br><em>Ana Rodr\u00edguez Rubio, Beltr\u00e1n Louzao Fern\u00e1ndez, Candela Garea Veiga, Carlos Puig Vales, Cristina del Mar Garc\u00eda L\u00f3pez, Laura Garc\u00eda Pereiro, Luc\u00eda Cernadas Varela, Marta L\u00f3pez Ojea, Raquel Cernadas Varela, Salma Arifi Abad, Sof\u00eda Iglesias B\u00e1rbara<\/em>, <em>Romeu Tembr\u00e1s S\u00e1nchez<\/em>, <\/p>\n\n\n\n<p>Tenores<br><em>\u00c1ngel Loureiro Louro, Gabriel Garc\u00eda Castro, H\u00e9ctor Noya L\u00f3pez, Manuel Gonz\u00e1lez Veiga, Mart\u00edn Y\u00e1\u00f1ez Vaamonde, Mateo Duckworth Ju\u00e1rez, Nicol\u00e1s Rodr\u00edguez V\u00e1zquez, Pablo Casti\u00f1eira D\u00edaz, Ram\u00f3n Fern\u00e1ndez Antezana, Tom\u00e1s Fern\u00e1ndez Antezana, Xoel Saavedra Carnero, Xulio Loureiro Gonz\u00e1lez<\/em><\/p>\n\n\n\n<p>Bajos<br><em>Alejandro P\u00e9rez Pecorelli, Ant\u00f3n Loureiro Louro, Carlos Rodiles Freire, Gabriel de la Torre Taboada, Gabriel R\u00edos Maneiro, Isaac Mart\u00ednez Benday\u00e1n, Manuel Segade Bodelo, Miguel N\u00f3 G\u00f3mez, Pablo Ares Otero, Samuel Iglesias Ceniceros<\/em><\/p>\n<\/div><\/div>\n\n<p><strong>La directiva<\/strong><\/p>\n\n<p>El coro est\u00e1 gestionado a trav\u00e9s de la <strong>Asociaci\u00f3n Musical y Cultural Cantabile<\/strong> . Es responsabilidad de su junta directiva gestionar todas las actividades. En estos m\u00e1s de veinte a\u00f1os, muchas persoas, con su traballo, han liberado al coro de todas las tareas distintas al canto. Sin este trabajo, Cantabile no podr\u00eda existir. Se puede consultar <a href=\"https:\/\/corocantabile.gal\/es\/sobre-cantabile\/\" data-type=\"page\" data-id=\"2\">aqu\u00ed<\/a> .<a href=\"https:\/\/www.corocantabile.es\/acerca-de-cantabile\/\"> <\/a>la composici\u00f3n de la actual junta.<\/p>\n\n<p><strong>La #FamiliaCantabile<\/strong><\/p>\n\n<p>Cantabile es seguido incondicionalmente all\u00e1 donde va. En primer lugar, por las madres y padres de los coristas que, en algunos casos, tambi\u00e9n forman parte de la masa social de <strong><em>la Asociaci\u00f3n musical y cultural Cantabile<\/em><\/strong>; por ello, su apoyo, adem\u00e1s de moral, es econ\u00f3mico.<\/p>\n\n<p>Sin embargo, no toda la masa social se compone de la familia de los coristas. Son #FamiliaCantabile todas las personas que creen en nuestro proyecto y disfrutan de nuestra m\u00fasica. Si eres fan de Cantabile y quieres ayudarnos a seguir creando nuevos proyectos, no dudes en contactarnos enviando un correo electr\u00f3nico a <a href=\"mailto:info@corocantabile.gal\">info@corocantabile.gal<\/a> .<\/p>\n\n<p><strong>Colaboraci\u00f3n y patrocinio<\/strong><\/p>\n\n<p>Desde un principio, mucha gente se dio cuenta de que Cantabile era m\u00e1s que un coro y los apoy\u00f3: instituciones como el <a rel=\"noreferrer noopener\" href=\"http:\/\/www.coruna.gal\/\" target=\"_blank\">Ayuntamiento de A Coru\u00f1a,<\/a> a trav\u00e9s del plan de apoyo a Entidades de Arraigo o la <a rel=\"noreferrer noopener\" href=\"https:\/\/www.dicoruna.es\/portada\/\" target=\"_blank\">Diputaci\u00f3n da A Coru\u00f1a<\/a>, a trav\u00e9s da su convocatoria anual de subvenciones a corales, o la Red Cultural y, c\u00f3mo no, la parroquia coru\u00f1esa de San Nicol\u00e1s, que nos cede habitualmente las igrexas de San Nicol\u00e1s y las Capuchinas para nuestros conciertos.<\/p>\n\n<div class=\"wp-container-4 wp-block-columns\">\n<div class=\"wp-container-2 wp-block-column\"><div class=\"wp-block-image\">\n<figure class=\"aligncenter size-full is-resized\"><img loading=\"lazy\" src=\"https:\/\/corocantabile.gal\/wp-content\/uploads\/2023\/09\/marcaInstitucional2023_vertPositivo.png\" alt=\"\" class=\"wp-image-2670\" width=\"228\" height=\"137\" srcset=\"https:\/\/corocantabile.gal\/wp-content\/uploads\/2023\/09\/marcaInstitucional2023_vertPositivo.png 369w, https:\/\/corocantabile.gal\/wp-content\/uploads\/2023\/09\/marcaInstitucional2023_vertPositivo-300x180.png 300w\" sizes=\"(max-width: 228px) 100vw, 228px\" \/><\/figure><\/div><\/div>\n\n\n\n<div class=\"wp-container-3 wp-block-column\"><div class=\"wp-block-image\">\n<figure class=\"aligncenter size-large is-resized\"><img loading=\"lazy\" src=\"https:\/\/corocantabile.gal\/wp-content\/uploads\/2023\/09\/deputacion-1024x457.png\" alt=\"\" class=\"wp-image-2674\" width=\"271\" height=\"120\" srcset=\"https:\/\/corocantabile.gal\/wp-content\/uploads\/2023\/09\/deputacion-1024x457.png 1024w, https:\/\/corocantabile.gal\/wp-content\/uploads\/2023\/09\/deputacion-300x134.png 300w, https:\/\/corocantabile.gal\/wp-content\/uploads\/2023\/09\/deputacion-768x343.png 768w, https:\/\/corocantabile.gal\/wp-content\/uploads\/2023\/09\/deputacion-690x308.png 690w, https:\/\/corocantabile.gal\/wp-content\/uploads\/2023\/09\/deputacion.png 1088w\" sizes=\"(max-width: 271px) 100vw, 271px\" \/><\/figure><\/div><\/div>\n<\/div>\n","protected":false},"excerpt":{"rendered":"<p>Y todo esto no ser\u00eda posible sin: Pablo Carballido del Camino (director) Sin embargo, lo m\u00e1s importante de todo es que Pablo Carballido, adem\u00e1s de cantante profesional y director de coro, es profesor. Una cualidad [&hellip;]<\/p>\n","protected":false},"author":1,"featured_media":0,"parent":0,"menu_order":0,"comment_status":"closed","ping_status":"closed","template":"templates\/template-sidebar-content.php","meta":[],"_links":{"self":[{"href":"https:\/\/corocantabile.gal\/es\/wp-json\/wp\/v2\/pages\/1342"}],"collection":[{"href":"https:\/\/corocantabile.gal\/es\/wp-json\/wp\/v2\/pages"}],"about":[{"href":"https:\/\/corocantabile.gal\/es\/wp-json\/wp\/v2\/types\/page"}],"author":[{"embeddable":true,"href":"https:\/\/corocantabile.gal\/es\/wp-json\/wp\/v2\/users\/1"}],"replies":[{"embeddable":true,"href":"https:\/\/corocantabile.gal\/es\/wp-json\/wp\/v2\/comments?post=1342"}],"version-history":[{"count":1,"href":"https:\/\/corocantabile.gal\/es\/wp-json\/wp\/v2\/pages\/1342\/revisions"}],"predecessor-version":[{"id":2697,"href":"https:\/\/corocantabile.gal\/es\/wp-json\/wp\/v2\/pages\/1342\/revisions\/2697"}],"wp:attachment":[{"href":"https:\/\/corocantabile.gal\/es\/wp-json\/wp\/v2\/media?parent=1342"}],"curies":[{"name":"wp","href":"https:\/\/api.w.org\/{rel}","templated":true}]}}

<div id="block-66ad4e-0db5-4c" class="wp-block-gutenbee-container block-66ad4e-0db5-4c"><div class="wp-block-gutenbee-container-inner"><div class="wp-block-gutenbee-container-row wp-block-gutenbee-container-lg">
<div class="wp-block-gutenbee-column block-5fb5da-f124-41"><style>.wp-block-gutenbee-column.block-5fb5da-f124-41 { flex-basis: 50%; }


      @media (max-width: 991px) {
        .wp-block-gutenbee-column.block-5fb5da-f124-41 { flex-basis: 100%; }
      }
    

      @media (max-width: 575px) {
        .wp-block-gutenbee-column.block-5fb5da-f124-41 { flex-basis: 100%; }
      }</style><div class="wp-block-gutenbee-column-content">
<p>Cantabile es un proyecto muy amplio. A <strong>Asociación musical y cultural Cantabile</strong> xestiona o <strong>Coro infantil e xuvenil Cantabile</strong> para realizar unha actividade artística e didáctica que pon en valor o patrimonio cultural e musical, co foco na música clásica (especialmente a barroca), mais sen descoidar todo tipo de repertorios contemporáneos e populares. Además, Cantabile proporciona a la niña una alternativa de ocio saludable en la que se inculcan valores como la perseverancia, el esfuerzo, la disciplina y, sobre todo, el compañerismo y la amistad.</p>
</div></div>



<div class="wp-block-gutenbee-column block-a186f9-eede-4d"><style>.wp-block-gutenbee-column.block-a186f9-eede-4d .wp-block-gutenbee-column-content { justify-content: flex-start; }
.wp-block-gutenbee-column.block-a186f9-eede-4d { flex-basis: 50%; }


      @media (max-width: 991px) {
        .wp-block-gutenbee-column.block-a186f9-eede-4d { flex-basis: 100%; }
      }
    

      @media (max-width: 575px) {
        .wp-block-gutenbee-column.block-a186f9-eede-4d { flex-basis: 100%; }
      }</style><div class="wp-block-gutenbee-column-content">
<figure class="wp-block-embed is-type-video is-provider-youtube wp-block-embed-youtube wp-embed-aspect-16-9 wp-has-aspect-ratio"><div class="wp-block-embed__wrapper">
<div class="ignition-responsive-embed"><iframe loading="lazy" title="#ORGULLOCANTABILE (2002 -2017) EL DOCUMENTAL | 1 de 6" width="960" height="540" src="https://www.youtube.com/embed/D5RRuhG9RIs?feature=oembed" frameborder="0" allow="accelerometer; autoplay; clipboard-write; encrypted-media; gyroscope; picture-in-picture" allowfullscreen></iframe></div>
</div></figure>
</div></div>
</div></div><div class="wp-block-gutenbee-container-background" data-parallax-speed="0.3"></div></div>

<p class="has-text-color" style="color:#fece7a"><strong>Y todo esto no sería posible sin:</strong></p>

<p><strong>Pablo Carballido del Camino (director)</strong></p>

<div id="block-a4e471-7dcf-43" class="wp-block-gutenbee-container block-a4e471-7dcf-43"><div class="wp-block-gutenbee-container-inner"><div class="wp-block-gutenbee-container-row wp-block-gutenbee-container-lg">
<div class="wp-block-gutenbee-column block-545313-b4d4-44"><style>.wp-block-gutenbee-column.block-545313-b4d4-44 { flex-basis: 66.66%; }


      @media (max-width: 991px) {
        .wp-block-gutenbee-column.block-545313-b4d4-44 { flex-basis: 100%; }
      }
    

      @media (max-width: 575px) {
        .wp-block-gutenbee-column.block-545313-b4d4-44 { flex-basis: 100%; }
      }</style><div class="wp-block-gutenbee-column-content">
<p>Pablo Carballido es la esencia de Cantabile. Su trabajo va más allá de dirigir a los miembros del coro e intentar que lleven el ritmo y canten en el tono correcto.</p>



<p>Por un lado, Carballido es un tenor profesional y eso se nota. Si hay algo que diferencia a Cantabile de otros coros infantiles y juveniles, es la técnica vocal y la formación del canto lírico que reciben los coristas, ya que muchos de ellos asisten a clases con él en la Escuela Municipal de Música, reciben clases particulares o asisten a cursos anuales de canto que se llevan a cabo en el lugar de ensayo. No es muy común escuchar un coro compuesto mayoritariamente por voces blancas cantando con técnica lírica e interpretando la música, algo que sería imposible sin un director como él.</p>
</div></div>



<div class="wp-block-gutenbee-column block-6b788b-0fde-4b"><style>.wp-block-gutenbee-column.block-6b788b-0fde-4b { flex-basis: 33.33%; }


      @media (max-width: 991px) {
        .wp-block-gutenbee-column.block-6b788b-0fde-4b { flex-basis: 100%; }
      }
    

      @media (max-width: 575px) {
        .wp-block-gutenbee-column.block-6b788b-0fde-4b { flex-basis: 100%; }
      }</style><div class="wp-block-gutenbee-column-content"><div class="wp-block-image is-style-default">
<figure class="aligncenter size-large"><img loading="lazy" width="225" height="300" src="https://corocantabile.gal/wp-content/uploads/2021/03/pablo.jpg" alt="" class="wp-image-255"/></figure></div></div></div>
</div></div><div class="wp-block-gutenbee-container-background" data-parallax-speed="0.3"></div></div>

<p>Sin embargo, lo más importante de todo es que <a href="https://pablocarballido.blogspot.com.es/p/curriculum.html">Pablo Carballido</a>, además de cantante profesional y director de coro, es profesor. Una cualidad que, cuando tu trabajo es enseñar música a un grupo de más de sesenta jóvenes, es muy positiva y sobre todo diferencial, precisamente porque no hay muchos profesionales que compaginen el canto con la dirección y la docencia. Gracias a ello, les enseña las notas, fomenta el gusto por la música clásica desde edades muy tempranas y transmite valores como el compañerismo, la amistad y el respeto.</p>

<p>Sin Pablo Carballido, Cantabile no existiría. Han pasado diecinueve años desde que un grupo de jóvenes con mucha ilusión y pocos recursos decidieron fundar, en 2002, un coro, ahora consolidado. Mucha gente se fue y otro joven pasó a formar parte de la familia Cantabile, cantando, organizando o combinando las dos facetas, pero Pablo, aunque a veces es difícil compaginar la dirección del Coro con su vida profesional, sigue ahí con la misma ilusión del primer día –o más– y una apuesta total por un proyecto en el que creía y en el que ha participado desde su génesis.</p>

<p>Es un director único y especial que hace que quienes lo rodean sean especiales. Es posible que esta sea la clave del éxito y la calidad de Cantabile.</p>

<p><strong>Coristas</strong></p>

<p>Somos un coro infantil y juvenil, por lo que es común que la relación de los coristas varíe con el paso de los años. Actualmente, el Coro está integrado por:</p>

<div class="wp-container-1 wp-block-group"><div class="wp-block-group__inner-container">
<p>Sopranos<br><em>Alejandro Carrión Orosa, Amara Carril López, Catarina Rodríguez Vázquez, Inés Carrión Orosa, Irene Pardiñas Bárbara, Jaime Losada Elorza, Lía Camprubí González-Garcés, María Luisa Boga Vázquez, Mariana Boedo Buño, Mariña González Lorenzo, Marta Duckworth Juárez, Noelia Saavedra Carnero, Sara Morgade Rodríguez, Sofía Puig Vales, Tara Garaboa Vilariño, Xiana Vázquez Mosquera</em>, <em>Alicia Sánchez Díaz, Sofía Puig Vales</em>.</p>



<p>Altos<br><em>Ana Rodríguez Rubio, Beltrán Louzao Fernández, Candela Garea Veiga, Carlos Puig Vales, Cristina del Mar García López, Laura García Pereiro, Lucía Cernadas Varela, Marta López Ojea, Raquel Cernadas Varela, Salma Arifi Abad, Sofía Iglesias Bárbara</em>, <em>Romeu Tembrás Sánchez</em>, </p>



<p>Tenores<br><em>Ángel Loureiro Louro, Gabriel García Castro, Héctor Noya López, Manuel González Veiga, Martín Yáñez Vaamonde, Mateo Duckworth Juárez, Nicolás Rodríguez Vázquez, Pablo Castiñeira Díaz, Ramón Fernández Antezana, Tomás Fernández Antezana, Xoel Saavedra Carnero, Xulio Loureiro González</em></p>



<p>Bajos<br><em>Alejandro Pérez Pecorelli, Antón Loureiro Louro, Carlos Rodiles Freire, Gabriel de la Torre Taboada, Gabriel Ríos Maneiro, Isaac Martínez Bendayán, Manuel Segade Bodelo, Miguel Nó Gómez, Pablo Ares Otero, Samuel Iglesias Ceniceros</em></p>
</div></div>

<p><strong>La directiva</strong></p>

<p>El coro está gestionado a través de la <strong>Asociación Musical y Cultural Cantabile</strong> . Es responsabilidad de su junta directiva gestionar todas las actividades. En estos más de veinte años, muchas persoas, con su traballo, han liberado al coro de todas las tareas distintas al canto. Sin este trabajo, Cantabile no podría existir. Se puede consultar <a href="https://corocantabile.gal/es/sobre-cantabile/" data-type="page" data-id="2">aquí</a> .<a href="https://www.corocantabile.es/acerca-de-cantabile/"> </a>la composición de la actual junta.</p>

<p><strong>La #FamiliaCantabile</strong></p>

<p>Cantabile es seguido incondicionalmente allá donde va. En primer lugar, por las madres y padres de los coristas que, en algunos casos, también forman parte de la masa social de <strong><em>la Asociación musical y cultural Cantabile</em></strong>; por ello, su apoyo, además de moral, es económico.</p>

<p>Sin embargo, no toda la masa social se compone de la familia de los coristas. Son #FamiliaCantabile todas las personas que creen en nuestro proyecto y disfrutan de nuestra música. Si eres fan de Cantabile y quieres ayudarnos a seguir creando nuevos proyectos, no dudes en contactarnos enviando un correo electrónico a <a href="mailto:info@corocantabile.gal">info@corocantabile.gal</a> .</p>

<p><strong>Colaboración y patrocinio</strong></p>

<p>Desde un principio, mucha gente se dio cuenta de que Cantabile era más que un coro y los apoyó: instituciones como el <a rel="noreferrer noopener" href="http://www.coruna.gal/" target="_blank">Ayuntamiento de A Coruña,</a> a través del plan de apoyo a Entidades de Arraigo o la <a rel="noreferrer noopener" href="https://www.dicoruna.es/portada/" target="_blank">Diputación da A Coruña</a>, a través da su convocatoria anual de subvenciones a corales, o la Red Cultural y, cómo no, la parroquia coruñesa de San Nicolás, que nos cede habitualmente las igrexas de San Nicolás y las Capuchinas para nuestros conciertos.</p>

<div class="wp-container-4 wp-block-columns">
<div class="wp-container-2 wp-block-column"><div class="wp-block-image">
<figure class="aligncenter size-full is-resized"><img loading="lazy" src="https://corocantabile.gal/wp-content/uploads/2023/09/marcaInstitucional2023_vertPositivo.png" alt="" class="wp-image-2670" width="228" height="137" srcset="https://corocantabile.gal/wp-content/uploads/2023/09/marcaInstitucional2023_vertPositivo.png 369w, https://corocantabile.gal/wp-content/uploads/2023/09/marcaInstitucional2023_vertPositivo-300x180.png 300w" sizes="(max-width: 228px) 100vw, 228px" /></figure></div></div>



<div class="wp-container-3 wp-block-column"><div class="wp-block-image">
<figure class="aligncenter size-large is-resized"><img loading="lazy" src="https://corocantabile.gal/wp-content/uploads/2023/09/deputacion-1024x457.png" alt="" class="wp-image-2674" width="271" height="120" srcset="https://corocantabile.gal/wp-content/uploads/2023/09/deputacion-1024x457.png 1024w, https://corocantabile.gal/wp-content/uploads/2023/09/deputacion-300x134.png 300w, https://corocantabile.gal/wp-content/uploads/2023/09/deputacion-768x343.png 768w, https://corocantabile.gal/wp-content/uploads/2023/09/deputacion-690x308.png 690w, https://corocantabile.gal/wp-content/uploads/2023/09/deputacion.png 1088w" sizes="(max-width: 271px) 100vw, 271px" /></figure></div></div>
</div>

<p>Y todo esto no sería posible sin: Pablo Carballido del Camino (director) Sin embargo, lo más importante de todo es que Pablo Carballido, además de cantante profesional y director de coro, es profesor. Una cualidad [&hellip;]</p>
