{"id":1346,"date":"2021-12-01T18:56:33","date_gmt":"2021-12-01T18:56:33","guid":{"rendered":"https:\/\/corocantabile.gal\/el-proyecto-cantabile\/"},"modified":"2021-12-05T17:40:05","modified_gmt":"2021-12-05T17:40:05","slug":"el-proyecto-cantabile","status":"publish","type":"page","link":"https:\/\/corocantabile.gal\/es\/el-proyecto-cantabile\/","title":{"rendered":"El proyecto Cantabile"},"content":{"rendered":"\n<h6>Colabora con nosotros<\/h6>\n\n<p>Lo decimos en nuestra p\u00e1gina de inicio: <a href=\"https:\/\/corocantabile.gal\/es\/mas-que-un-coro\/\" data-type=\"page\" data-id=\"254\">Cantabile es algo m\u00e1s que un coro<\/a>. Cantabile es un proyecto muy amplio que, a trav\u00e9s de la actividad art\u00edstica y did\u00e1ctica, valora el patrimonio cultural y musical, no solo en el \u00e1mbito de la m\u00fasica cl\u00e1sica, especialmente del barroco, sino tambi\u00e9n de la m\u00fasica tradicional y contempor\u00e1nea gallega, entre otras. Sentimos mucho orgullo cuando podemos cantar composiciones de nuestros propios coralistas a veces, como la Cantiga de Nadal de Xulio Loureiro o la composici\u00f3n <strong>\u201cH\u00e9rcules\u201d<\/strong> que Jes\u00fas Rodil hizo para la <strong>Torre de H\u00e9rcules<\/strong>.<\/p>\n\n<p>Lo que se ve en nuestras actuaciones es solo la punta del iceberg de un proyecto gestionado a trav\u00e9s de la <strong>Asociaci\u00f3n musical y cultural Cantabile<\/strong> que brinda a los ni\u00f1os y ni\u00f1as una educaci\u00f3n musical y una alternativa de ocio en la que se ense\u00f1a constancia, esfuerzo, disciplina y, sobre todo, compa\u00f1erismo y amistad.<\/p>\n\n<h6>As\u00f3ciate<\/h6>\n\n<p>Para ello necesitamos tu ayuda. Nos encanta que vengas a nuestros conciertos, porque los aplausos son la mejor vitamina, pero no podemos vivir solo de los aplausos. Por eso te invitamos a unirte a Cantabile. De esta forma dejas de ser un espectador de nuestro trabajo y pasas a formar parte de este proyecto convirti\u00e9ndote en #FamiliaCantabile. Env\u00edanos un email a <a href=\"mailto:info@corocantabile.gal\">info@corocantabile.gal<\/a> y te responderemos con toda la informaci\u00f3n.<\/p>\n","protected":false},"excerpt":{"rendered":"<p>Colabora con nosotros Lo decimos en nuestra p\u00e1gina de inicio: Cantabile es algo m\u00e1s que un coro. Cantabile es un proyecto muy amplio que, a trav\u00e9s de la actividad art\u00edstica y did\u00e1ctica, valora el patrimonio [&hellip;]<\/p>\n","protected":false},"author":1,"featured_media":0,"parent":0,"menu_order":0,"comment_status":"closed","ping_status":"closed","template":"templates\/template-sidebar-content.php","meta":[],"_links":{"self":[{"href":"https:\/\/corocantabile.gal\/es\/wp-json\/wp\/v2\/pages\/1346"}],"collection":[{"href":"https:\/\/corocantabile.gal\/es\/wp-json\/wp\/v2\/pages"}],"about":[{"href":"https:\/\/corocantabile.gal\/es\/wp-json\/wp\/v2\/types\/page"}],"author":[{"embeddable":true,"href":"https:\/\/corocantabile.gal\/es\/wp-json\/wp\/v2\/users\/1"}],"replies":[{"embeddable":true,"href":"https:\/\/corocantabile.gal\/es\/wp-json\/wp\/v2\/comments?post=1346"}],"version-history":[{"count":1,"href":"https:\/\/corocantabile.gal\/es\/wp-json\/wp\/v2\/pages\/1346\/revisions"}],"predecessor-version":[{"id":1532,"href":"https:\/\/corocantabile.gal\/es\/wp-json\/wp\/v2\/pages\/1346\/revisions\/1532"}],"wp:attachment":[{"href":"https:\/\/corocantabile.gal\/es\/wp-json\/wp\/v2\/media?parent=1346"}],"curies":[{"name":"wp","href":"https:\/\/api.w.org\/{rel}","templated":true}]}}

<h6>Colabora con nosotros</h6>

<p>Lo decimos en nuestra página de inicio: <a href="https://corocantabile.gal/es/mas-que-un-coro/" data-type="page" data-id="254">Cantabile es algo más que un coro</a>. Cantabile es un proyecto muy amplio que, a través de la actividad artística y didáctica, valora el patrimonio cultural y musical, no solo en el ámbito de la música clásica, especialmente del barroco, sino también de la música tradicional y contemporánea gallega, entre otras. Sentimos mucho orgullo cuando podemos cantar composiciones de nuestros propios coralistas a veces, como la Cantiga de Nadal de Xulio Loureiro o la composición <strong>“Hércules”</strong> que Jesús Rodil hizo para la <strong>Torre de Hércules</strong>.</p>

<p>Lo que se ve en nuestras actuaciones es solo la punta del iceberg de un proyecto gestionado a través de la <strong>Asociación musical y cultural Cantabile</strong> que brinda a los niños y niñas una educación musical y una alternativa de ocio en la que se enseña constancia, esfuerzo, disciplina y, sobre todo, compañerismo y amistad.</p>

<h6>Asóciate</h6>

<p>Para ello necesitamos tu ayuda. Nos encanta que vengas a nuestros conciertos, porque los aplausos son la mejor vitamina, pero no podemos vivir solo de los aplausos. Por eso te invitamos a unirte a Cantabile. De esta forma dejas de ser un espectador de nuestro trabajo y pasas a formar parte de este proyecto convirtiéndote en #FamiliaCantabile. Envíanos un email a <a href="mailto:info@corocantabile.gal">info@corocantabile.gal</a> y te responderemos con toda la información.</p>

<p>Colabora con nosotros Lo decimos en nuestra página de inicio: Cantabile es algo más que un coro. Cantabile es un proyecto muy amplio que, a través de la actividad artística y didáctica, valora el patrimonio [&hellip;]</p>
